{"id":419,"date":"2026-01-28T18:16:13","date_gmt":"2026-01-28T17:16:13","guid":{"rendered":"https:\/\/twisly.pl\/?post_type=product&#038;p=419"},"modified":"2026-02-10T19:53:45","modified_gmt":"2026-02-10T18:53:45","slug":"nike-air-force-1-07","status":"publish","type":"product","link":"https:\/\/twisly.pl\/?product=nike-air-force-1-07","title":{"rendered":"Nike Air Force 1 &#8217;07"},"content":{"rendered":"<div style=\"max-width: 1000px; margin: 40px auto; padding: 20px; font-family: Inter, sans-serif;\">\n<p><!-- Opis wst\u0119pny --><\/p>\n<p style=\"text-align: center; font-size: 16px; line-height: 1.6; margin-bottom: 90px;\">Air Force 1 to ponadczasowa ikona streetwearu, kt\u00f3ra \u0142\u0105czy klasyczny design z nowoczesnym komfortem. Minimalistyczna sylwetka pasuje do ka\u017cdej stylizacji, a solidna cholewka i amortyzacja Air zapewniaj\u0105 wygod\u0119 przez ca\u0142y dzie\u0144. To wyb\u00f3r dla tych, kt\u00f3rzy ceni\u0105 styl, trwa\u0142o\u015b\u0107 i miejski charakter bez kompromis\u00f3w.<\/p>\n<\/div>\n","protected":false},"excerpt":{"rendered":"<p>Air Force 1 to ponadczasowa ikona streetwearu, kt\u00f3ra \u0142\u0105czy klasyczny design z nowoczesnym komfortem. Minimalistyczna sylwetka pasuje do ka\u017cdej stylizacji, a solidna cholewka i amortyzacja Air zapewniaj\u0105 wygod\u0119 przez ca\u0142y dzie\u0144. To wyb\u00f3r dla tych, kt\u00f3rzy ceni\u0105 styl, trwa\u0142o\u015b\u0107 i miejski charakter bez kompromis\u00f3w.<\/p>\n","protected":false},"featured_media":422,"comment_status":"open","ping_status":"closed","template":"","meta":{"_acf_changed":false},"product_brand":[],"product_cat":[31],"product_tag":[],"class_list":{"0":"post-419","1":"product","2":"type-product","3":"status-publish","4":"has-post-thumbnail","6":"product_cat-obuwie","7":"pa_kolor-bialy","8":"pa_kolor-czarny","9":"pa_rozmiar-35-5","10":"pa_rozmiar-42","11":"pa_rozmiar-36-5","12":"pa_rozmiar-37-5","13":"pa_rozmiar-46","14":"pa_rozmiar-38-5","15":"pa_rozmiar-48","16":"pa_rozmiar-50","17":"pa_rozmiar-40-5","18":"pa_rozmiar-52","19":"pa_rozmiar-54","20":"pa_rozmiar-42-5","21":"pa_rozmiar-56","22":"pa_rozmiar-58","23":"pa_rozmiar-44-5","24":"pa_rozmiar-60","25":"pa_rozmiar-45-5","26":"pa_rozmiar-62","27":"pa_rozmiar-64","28":"pa_rozmiar-47-5","29":"pa_rozmiar-48-5","30":"pa_rozmiar-49-5","31":"pa_rozmiar-50-5","32":"pa_rozmiar-51-5","33":"pa_rozmiar-52-5","35":"first","36":"instock","37":"shipping-taxable","38":"purchasable","39":"product-type-variable","40":"has-default-attributes"},"acf":[],"_links":{"self":[{"href":"https:\/\/twisly.pl\/index.php?rest_route=\/wp\/v2\/product\/419","targetHints":{"allow":["GET"]}}],"collection":[{"href":"https:\/\/twisly.pl\/index.php?rest_route=\/wp\/v2\/product"}],"about":[{"href":"https:\/\/twisly.pl\/index.php?rest_route=\/wp\/v2\/types\/product"}],"replies":[{"embeddable":true,"href":"https:\/\/twisly.pl\/index.php?rest_route=%2Fwp%2Fv2%2Fcomments&post=419"}],"wp:featuredmedia":[{"embeddable":true,"href":"https:\/\/twisly.pl\/index.php?rest_route=\/wp\/v2\/media\/422"}],"wp:attachment":[{"href":"https:\/\/twisly.pl\/index.php?rest_route=%2Fwp%2Fv2%2Fmedia&parent=419"}],"wp:term":[{"taxonomy":"product_brand","embeddable":true,"href":"https:\/\/twisly.pl\/index.php?rest_route=%2Fwp%2Fv2%2Fproduct_brand&post=419"},{"taxonomy":"product_cat","embeddable":true,"href":"https:\/\/twisly.pl\/index.php?rest_route=%2Fwp%2Fv2%2Fproduct_cat&post=419"},{"taxonomy":"product_tag","embeddable":true,"href":"https:\/\/twisly.pl\/index.php?rest_route=%2Fwp%2Fv2%2Fproduct_tag&post=419"}],"curies":[{"name":"wp","href":"https:\/\/api.w.org\/{rel}","templated":true}]}}